{"id":4435,"date":"2020-03-19T17:01:59","date_gmt":"2020-03-19T14:01:59","guid":{"rendered":"https:\/\/buletin.de\/bucuresti\/?page_id=4435"},"modified":"2020-03-25T15:39:18","modified_gmt":"2020-03-25T12:39:18","slug":"cv","status":"publish","type":"page","link":"https:\/\/buletin.de\/bucuresti\/cv\/","title":{"rendered":"Coronavirus"},"content":{"rendered":"\n<div class=\"wp-block-columns is-layout-flex wp-container-core-columns-is-layout-9d6595d7 wp-block-columns-is-layout-flex\">\n<div class=\"wp-block-column is-layout-flow wp-block-column-is-layout-flow\">\n<div class=\"wp-block-button\"><a class=\"wp-block-button__link has-background has-vivid-cyan-blue-background-color\" href=\"https:\/\/buletin.de\/bucuresti\/tag\/coronavirus\/\">Materiale proprii<\/a><\/div>\n<\/div>\n\n\n\n<div class=\"wp-block-column is-layout-flow wp-block-column-is-layout-flow\">\n<div class=\"wp-block-button\"><a class=\"wp-block-button__link has-background has-luminous-vivid-amber-background-color\" href=\"https:\/\/dev.buletin.de\/covid19\">Link-uri utile<\/a><\/div>\n<\/div>\n\n\n\n<div class=\"wp-block-column is-layout-flow wp-block-column-is-layout-flow\">\n<div class=\"wp-block-button\"><a class=\"wp-block-button__link has-background has-vivid-red-background-color\" href=\"https:\/\/dev.buletin.de\/initiativedeajutor\">List\u0103 ini\u021biative <\/a><\/div>\n<\/div>\n<\/div>\n\n\n\n<hr class=\"wp-block-separator\"\/>\n\n\n\n<p>Pe 25.03, de la ora 12 intr\u0103 \u00een vigoare <a href=\"https:\/\/stirioficiale.ro\/informatii\/ordonanta-militara-nr-3-din-24-03-2020-privind-masuri-de-prevenire-a-raspandirii-covid-19\">Ordonan\u021ba Militar\u0103 nr. 3 din 24.03.2020<\/a> , care condi\u021bioneaz\u0103 ie\u0219itul din cas\u0103 pentru a diminua efectele pandemiei. Pe scurt: ie\u0219itul e permis dac\u0103:<br>?&nbsp;mergem la munc\u0103 (\u00een baza unei adeverin\u021be sau legitima\u021bii de serviciu)<br>?&nbsp;plimb\u0103m c\u00e2inele sau s\u0103 facem mi\u0219care &#8211; doar \u00een cartier<br>?&nbsp;s\u0103 \u00eengrijim pe cineva (b\u0103tr\u00e2n, copil)<br>?&nbsp;s\u0103 don\u0103m s\u00e2nge (<a href=\"https:\/\/despre.donorium.ro\/\">e mare nevoie!<\/a>)<br>?&nbsp;s\u0103 facem voluntariat<br>?&nbsp;s\u0103 mergem la doctor (dac\u0103 chiar nu poate suferi am\u00e2nare).<\/p>\n\n\n\n<p>Pentru a ie\u0219i, e nevoie de pu\u021bin\u0103 birocra\u021bie, dup\u0103 caz: adeverin\u021b\u0103, legitima\u021bie, declara\u021bie pe proprie r\u0103spundere.<\/p>\n\n\n\n<p>? Important: documentele pot fi prezentate \u0219i \u00een format electronic &#8211; de pe telefonul mobil, de pild\u0103.<\/p>\n\n\n\n<p> <\/p>\n\n\n\n<style>\n\n.full-width {\n  width: 100vw;\n  position: relative;\n  left: 50%;\n  right: 50%;\n  margin-left: -50vw;\n  margin-right: -50vw;\n}\n\n<\/style>\n\n\n\n<p><\/p>\n\n\n\n<div class=\"full-width\">\n<img decoding=\"async\" src=\"data:image\/gif;base64,R0lGODlhAQABAAAAACH5BAEKAAEALAAAAAABAAEAAAICTAEAOw==\" data-src=\"https:\/\/buletin.de\/bucuresti\/wp-content\/uploads\/lockdown-ro.png\" class=\"lazyload\" id=\"decisionTree\">\n<\/div>\n\n<style>\n#decisionTree {\nwidth: 100%;\n}\n@media screen and (min-width: 1000px) {\n#decisionTree {\nwidth: 80%;\ndisplay: block;\nmargin: 0 auto;\n}\n}\n<\/style>\n","protected":false},"excerpt":{"rendered":"<p>Pe 25.03, de la ora 12 intr\u0103 \u00een vigoare Ordonan\u021ba Militar\u0103 nr. 3 din 24.03.2020 , care condi\u021bioneaz\u0103 ie\u0219itul din cas\u0103 pentru a diminua efectele pandemiei. Pe scurt: ie\u0219itul e permis dac\u0103:?&nbsp;mergem la munc\u0103 (\u00een baza unei adeverin\u021be sau legitima\u021bii de serviciu)?&nbsp;plimb\u0103m c\u00e2inele sau s\u0103 facem mi\u0219care &#8211; doar \u00een cartier?&nbsp;s\u0103 \u00eengrijim pe cineva (b\u0103tr\u00e2n, [&hellip;]<\/p>\n","protected":false},"author":1,"featured_media":0,"parent":0,"menu_order":0,"comment_status":"closed","ping_status":"closed","template":"","meta":{"_acf_changed":false,"inline_featured_image":false,"ngg_post_thumbnail":0,"footnotes":""},"class_list":["post-4435","page","type-page","status-publish","hentry"],"acf":[],"yoast_head":"<!-- This site is optimized with the Yoast SEO Premium plugin v25.3 (Yoast SEO v27.3) - https:\/\/yoast.com\/product\/yoast-seo-premium-wordpress\/ -->\n<title>Coronavirus - Buletin de Bucure\u0219ti<\/title>\n<meta name=\"robots\" content=\"index, follow, max-snippet:-1, max-image-preview:large, max-video-preview:-1\" \/>\n<link rel=\"canonical\" href=\"https:\/\/buletin.de\/bucuresti\/cv\/\" \/>\n<meta property=\"og:locale\" content=\"en_GB\" \/>\n<meta property=\"og:type\" content=\"article\" \/>\n<meta property=\"og:title\" content=\"Coronavirus\" \/>\n<meta property=\"og:description\" content=\"Pe 25.03, de la ora 12 intr\u0103 \u00een vigoare Ordonan\u021ba Militar\u0103 nr. 3 din 24.03.2020 , care condi\u021bioneaz\u0103 ie\u0219itul din cas\u0103 pentru a diminua efectele pandemiei. Pe scurt: ie\u0219itul e permis dac\u0103:?&nbsp;mergem la munc\u0103 (\u00een baza unei adeverin\u021be sau legitima\u021bii de serviciu)?&nbsp;plimb\u0103m c\u00e2inele sau s\u0103 facem mi\u0219care &#8211; doar \u00een cartier?&nbsp;s\u0103 \u00eengrijim pe cineva (b\u0103tr\u00e2n, [&hellip;]\" \/>\n<meta property=\"og:url\" content=\"https:\/\/buletin.de\/bucuresti\/cv\/\" \/>\n<meta property=\"og:site_name\" content=\"Buletin de Bucure\u0219ti\" \/>\n<meta property=\"article:publisher\" content=\"https:\/\/www.facebook.com\/buletin.de.buc\" \/>\n<meta property=\"article:modified_time\" content=\"2020-03-25T12:39:18+00:00\" \/>\n<meta property=\"og:image\" content=\"https:\/\/buletin.de\/bucuresti\/wp-content\/uploads\/lockdown-ro.png\" \/>\n<meta name=\"twitter:card\" content=\"summary_large_image\" \/>\n<meta name=\"twitter:label1\" content=\"Estimated reading time\" \/>\n\t<meta name=\"twitter:data1\" content=\"1 minute\" \/>\n<script type=\"application\/ld+json\" class=\"yoast-schema-graph\">{\"@context\":\"https:\\\/\\\/schema.org\",\"@graph\":[{\"@type\":\"WebPage\",\"@id\":\"https:\\\/\\\/buletin.de\\\/bucuresti\\\/cv\\\/\",\"url\":\"https:\\\/\\\/buletin.de\\\/bucuresti\\\/cv\\\/\",\"name\":\"Coronavirus - Buletin de Bucure\u0219ti\",\"isPartOf\":{\"@id\":\"https:\\\/\\\/buletin.de\\\/bucuresti\\\/#website\"},\"primaryImageOfPage\":{\"@id\":\"https:\\\/\\\/buletin.de\\\/bucuresti\\\/cv\\\/#primaryimage\"},\"image\":{\"@id\":\"https:\\\/\\\/buletin.de\\\/bucuresti\\\/cv\\\/#primaryimage\"},\"thumbnailUrl\":\"https:\\\/\\\/buletin.de\\\/bucuresti\\\/wp-content\\\/uploads\\\/lockdown-ro.png\",\"datePublished\":\"2020-03-19T14:01:59+00:00\",\"dateModified\":\"2020-03-25T12:39:18+00:00\",\"breadcrumb\":{\"@id\":\"https:\\\/\\\/buletin.de\\\/bucuresti\\\/cv\\\/#breadcrumb\"},\"inLanguage\":\"en-GB\",\"potentialAction\":[{\"@type\":\"ReadAction\",\"target\":[\"https:\\\/\\\/buletin.de\\\/bucuresti\\\/cv\\\/\"]}]},{\"@type\":\"ImageObject\",\"inLanguage\":\"en-GB\",\"@id\":\"https:\\\/\\\/buletin.de\\\/bucuresti\\\/cv\\\/#primaryimage\",\"url\":\"https:\\\/\\\/buletin.de\\\/bucuresti\\\/wp-content\\\/uploads\\\/lockdown-ro.png\",\"contentUrl\":\"https:\\\/\\\/buletin.de\\\/bucuresti\\\/wp-content\\\/uploads\\\/lockdown-ro.png\",\"width\":1848,\"height\":2380},{\"@type\":\"BreadcrumbList\",\"@id\":\"https:\\\/\\\/buletin.de\\\/bucuresti\\\/cv\\\/#breadcrumb\",\"itemListElement\":[{\"@type\":\"ListItem\",\"position\":1,\"name\":\"Acas\u0103\",\"item\":\"https:\\\/\\\/buletin.de\\\/bucuresti\\\/\"},{\"@type\":\"ListItem\",\"position\":2,\"name\":\"Coronavirus\"}]},{\"@type\":\"WebSite\",\"@id\":\"https:\\\/\\\/buletin.de\\\/bucuresti\\\/#website\",\"url\":\"https:\\\/\\\/buletin.de\\\/bucuresti\\\/\",\"name\":\"Buletin de Bucure\u0219ti\",\"description\":\"\u0218tiri \u0219i investiga\u021bii esen\u021biale din capital\u0103\",\"publisher\":{\"@id\":\"https:\\\/\\\/buletin.de\\\/bucuresti\\\/#organization\"},\"potentialAction\":[{\"@type\":\"SearchAction\",\"target\":{\"@type\":\"EntryPoint\",\"urlTemplate\":\"https:\\\/\\\/buletin.de\\\/bucuresti\\\/?s={search_term_string}\"},\"query-input\":{\"@type\":\"PropertyValueSpecification\",\"valueRequired\":true,\"valueName\":\"search_term_string\"}}],\"inLanguage\":\"en-GB\"},{\"@type\":\"Organization\",\"@id\":\"https:\\\/\\\/buletin.de\\\/bucuresti\\\/#organization\",\"name\":\"Buletin de Bucure\u0219ti\",\"url\":\"https:\\\/\\\/buletin.de\\\/bucuresti\\\/\",\"logo\":{\"@type\":\"ImageObject\",\"inLanguage\":\"en-GB\",\"@id\":\"https:\\\/\\\/buletin.de\\\/bucuresti\\\/#\\\/schema\\\/logo\\\/image\\\/\",\"url\":\"https:\\\/\\\/buletin.de\\\/bucuresti\\\/wp-content\\\/uploads\\\/logo-bdb-full-wide-vernil-transparent.png\",\"contentUrl\":\"https:\\\/\\\/buletin.de\\\/bucuresti\\\/wp-content\\\/uploads\\\/logo-bdb-full-wide-vernil-transparent.png\",\"width\":1782,\"height\":626,\"caption\":\"Buletin de Bucure\u0219ti\"},\"image\":{\"@id\":\"https:\\\/\\\/buletin.de\\\/bucuresti\\\/#\\\/schema\\\/logo\\\/image\\\/\"},\"sameAs\":[\"https:\\\/\\\/www.facebook.com\\\/buletin.de.buc\",\"https:\\\/\\\/www.instagram.com\\\/buletinde.bucuresti\\\/\"]}]}<\/script>\n<!-- \/ Yoast SEO Premium plugin. -->","yoast_head_json":{"title":"Coronavirus - Buletin de Bucure\u0219ti","robots":{"index":"index","follow":"follow","max-snippet":"max-snippet:-1","max-image-preview":"max-image-preview:large","max-video-preview":"max-video-preview:-1"},"canonical":"https:\/\/buletin.de\/bucuresti\/cv\/","og_locale":"en_GB","og_type":"article","og_title":"Coronavirus","og_description":"Pe 25.03, de la ora 12 intr\u0103 \u00een vigoare Ordonan\u021ba Militar\u0103 nr. 3 din 24.03.2020 , care condi\u021bioneaz\u0103 ie\u0219itul din cas\u0103 pentru a diminua efectele pandemiei. Pe scurt: ie\u0219itul e permis dac\u0103:?&nbsp;mergem la munc\u0103 (\u00een baza unei adeverin\u021be sau legitima\u021bii de serviciu)?&nbsp;plimb\u0103m c\u00e2inele sau s\u0103 facem mi\u0219care &#8211; doar \u00een cartier?&nbsp;s\u0103 \u00eengrijim pe cineva (b\u0103tr\u00e2n, [&hellip;]","og_url":"https:\/\/buletin.de\/bucuresti\/cv\/","og_site_name":"Buletin de Bucure\u0219ti","article_publisher":"https:\/\/www.facebook.com\/buletin.de.buc","article_modified_time":"2020-03-25T12:39:18+00:00","og_image":[{"url":"https:\/\/buletin.de\/bucuresti\/wp-content\/uploads\/lockdown-ro.png","type":"","width":"","height":""}],"twitter_card":"summary_large_image","twitter_misc":{"Estimated reading time":"1 minute"},"schema":{"@context":"https:\/\/schema.org","@graph":[{"@type":"WebPage","@id":"https:\/\/buletin.de\/bucuresti\/cv\/","url":"https:\/\/buletin.de\/bucuresti\/cv\/","name":"Coronavirus - Buletin de Bucure\u0219ti","isPartOf":{"@id":"https:\/\/buletin.de\/bucuresti\/#website"},"primaryImageOfPage":{"@id":"https:\/\/buletin.de\/bucuresti\/cv\/#primaryimage"},"image":{"@id":"https:\/\/buletin.de\/bucuresti\/cv\/#primaryimage"},"thumbnailUrl":"https:\/\/buletin.de\/bucuresti\/wp-content\/uploads\/lockdown-ro.png","datePublished":"2020-03-19T14:01:59+00:00","dateModified":"2020-03-25T12:39:18+00:00","breadcrumb":{"@id":"https:\/\/buletin.de\/bucuresti\/cv\/#breadcrumb"},"inLanguage":"en-GB","potentialAction":[{"@type":"ReadAction","target":["https:\/\/buletin.de\/bucuresti\/cv\/"]}]},{"@type":"ImageObject","inLanguage":"en-GB","@id":"https:\/\/buletin.de\/bucuresti\/cv\/#primaryimage","url":"https:\/\/buletin.de\/bucuresti\/wp-content\/uploads\/lockdown-ro.png","contentUrl":"https:\/\/buletin.de\/bucuresti\/wp-content\/uploads\/lockdown-ro.png","width":1848,"height":2380},{"@type":"BreadcrumbList","@id":"https:\/\/buletin.de\/bucuresti\/cv\/#breadcrumb","itemListElement":[{"@type":"ListItem","position":1,"name":"Acas\u0103","item":"https:\/\/buletin.de\/bucuresti\/"},{"@type":"ListItem","position":2,"name":"Coronavirus"}]},{"@type":"WebSite","@id":"https:\/\/buletin.de\/bucuresti\/#website","url":"https:\/\/buletin.de\/bucuresti\/","name":"Buletin de Bucure\u0219ti","description":"\u0218tiri \u0219i investiga\u021bii esen\u021biale din capital\u0103","publisher":{"@id":"https:\/\/buletin.de\/bucuresti\/#organization"},"potentialAction":[{"@type":"SearchAction","target":{"@type":"EntryPoint","urlTemplate":"https:\/\/buletin.de\/bucuresti\/?s={search_term_string}"},"query-input":{"@type":"PropertyValueSpecification","valueRequired":true,"valueName":"search_term_string"}}],"inLanguage":"en-GB"},{"@type":"Organization","@id":"https:\/\/buletin.de\/bucuresti\/#organization","name":"Buletin de Bucure\u0219ti","url":"https:\/\/buletin.de\/bucuresti\/","logo":{"@type":"ImageObject","inLanguage":"en-GB","@id":"https:\/\/buletin.de\/bucuresti\/#\/schema\/logo\/image\/","url":"https:\/\/buletin.de\/bucuresti\/wp-content\/uploads\/logo-bdb-full-wide-vernil-transparent.png","contentUrl":"https:\/\/buletin.de\/bucuresti\/wp-content\/uploads\/logo-bdb-full-wide-vernil-transparent.png","width":1782,"height":626,"caption":"Buletin de Bucure\u0219ti"},"image":{"@id":"https:\/\/buletin.de\/bucuresti\/#\/schema\/logo\/image\/"},"sameAs":["https:\/\/www.facebook.com\/buletin.de.buc","https:\/\/www.instagram.com\/buletinde.bucuresti\/"]}]}},"_links":{"self":[{"href":"https:\/\/buletin.de\/bucuresti\/wp-json\/wp\/v2\/pages\/4435","targetHints":{"allow":["GET"]}}],"collection":[{"href":"https:\/\/buletin.de\/bucuresti\/wp-json\/wp\/v2\/pages"}],"about":[{"href":"https:\/\/buletin.de\/bucuresti\/wp-json\/wp\/v2\/types\/page"}],"author":[{"embeddable":true,"href":"https:\/\/buletin.de\/bucuresti\/wp-json\/wp\/v2\/users\/1"}],"replies":[{"embeddable":true,"href":"https:\/\/buletin.de\/bucuresti\/wp-json\/wp\/v2\/comments?post=4435"}],"version-history":[{"count":13,"href":"https:\/\/buletin.de\/bucuresti\/wp-json\/wp\/v2\/pages\/4435\/revisions"}],"predecessor-version":[{"id":4771,"href":"https:\/\/buletin.de\/bucuresti\/wp-json\/wp\/v2\/pages\/4435\/revisions\/4771"}],"wp:attachment":[{"href":"https:\/\/buletin.de\/bucuresti\/wp-json\/wp\/v2\/media?parent=4435"}],"curies":[{"name":"wp","href":"https:\/\/api.w.org\/{rel}","templated":true}]}}