{"version":"1.0","provider_name":"Buletin de Bucure\u0219ti","provider_url":"https:\/\/buletin.de\/bucuresti","author_name":"Teodora Stroe","author_url":"https:\/\/buletin.de\/bucuresti\/author\/simonacarlugea\/","title":"Nicu\u0219or Dan | \u00cenvestirea se am\u00e2n\u0103","type":"rich","width":600,"height":338,"html":"<blockquote class=\"wp-embedded-content\" data-secret=\"LDHWoTaEEI\"><a href=\"https:\/\/buletin.de\/bucuresti\/nicusor-dan-investirea-se-amana\/\">Nicu\u0219or Dan | \u00cenvestirea se am\u00e2n\u0103<\/a><\/blockquote><iframe sandbox=\"allow-scripts\" security=\"restricted\" src=\"https:\/\/buletin.de\/bucuresti\/nicusor-dan-investirea-se-amana\/embed\/#?secret=LDHWoTaEEI\" width=\"600\" height=\"338\" title=\"&#8220;Nicu\u0219or Dan | \u00cenvestirea se am\u00e2n\u0103&#8221; &#8212; Buletin de Bucure\u0219ti\" data-secret=\"LDHWoTaEEI\" frameborder=\"0\" marginwidth=\"0\" marginheight=\"0\" scrolling=\"no\" class=\"wp-embedded-content\"><\/iframe><script>\n\/*! This file is auto-generated *\/\n!function(d,l){\"use strict\";l.querySelector&&d.addEventListener&&\"undefined\"!=typeof URL&&(d.wp=d.wp||{},d.wp.receiveEmbedMessage||(d.wp.receiveEmbedMessage=function(e){var t=e.data;if((t||t.secret||t.message||t.value)&&!\/[^a-zA-Z0-9]\/.test(t.secret)){for(var s,r,n,a=l.querySelectorAll('iframe[data-secret=\"'+t.secret+'\"]'),o=l.querySelectorAll('blockquote[data-secret=\"'+t.secret+'\"]'),c=new RegExp(\"^https?:$\",\"i\"),i=0;i<o.length;i++)o[i].style.display=\"none\";for(i=0;i<a.length;i++)s=a[i],e.source===s.contentWindow&&(s.removeAttribute(\"style\"),\"height\"===t.message?(1e3<(r=parseInt(t.value,10))?r=1e3:~~r<200&&(r=200),s.height=r):\"link\"===t.message&&(r=new URL(s.getAttribute(\"src\")),n=new URL(t.value),c.test(n.protocol))&&n.host===r.host&&l.activeElement===s&&(d.top.location.href=t.value))}},d.addEventListener(\"message\",d.wp.receiveEmbedMessage,!1),l.addEventListener(\"DOMContentLoaded\",function(){for(var e,t,s=l.querySelectorAll(\"iframe.wp-embedded-content\"),r=0;r<s.length;r++)(t=(e=s[r]).getAttribute(\"data-secret\"))||(t=Math.random().toString(36).substring(2,12),e.src+=\"#?secret=\"+t,e.setAttribute(\"data-secret\",t)),e.contentWindow.postMessage({message:\"ready\",secret:t},\"*\")},!1)))}(window,document);\n\/\/# sourceURL=https:\/\/buletin.de\/bucuresti\/wp-includes\/js\/wp-embed.min.js\n<\/script>\n","thumbnail_url":"https:\/\/buletin.de\/bucuresti\/wp-content\/uploads\/WhatsApp-Image-2020-10-15-at-08.26.01.jpeg","thumbnail_width":1024,"thumbnail_height":683,"description":"\u00cenvestirea noului primar nu va mai fi vineri, a\u0219a cum era anun\u021bat. De vin\u0103 este o prevedere nou\u0103 din Codul Administrativ. Anun\u021bul a fost f\u0103cut chiar de Nicu\u0219or Dan, primarul ales, pe pagina sa de Facebook. &#8220;Din p\u0103cate preluarea mandatului meu va mai \u00eent\u00e2rzia 7-10 zile, ceea ce nu e deloc bine din perspectiva crizei [&hellip;]"}

Buletin de București

Nicușor Dan | Învestirea se amână

<blockquote class="wp-embedded-content" data-secret="LDHWoTaEEI"><a href="https://buletin.de/bucuresti/nicusor-dan-investirea-se-amana/">Nicușor Dan | Învestirea se amână</a></blockquote><iframe sandbox="allow-scripts" security="restricted" src="https://buletin.de/bucuresti/nicusor-dan-investirea-se-amana/embed/#?secret=LDHWoTaEEI" width="600" height="338" title="&#8220;Nicușor Dan | Învestirea se amână&#8221; &#8212; Buletin de București" data-secret="LDHWoTaEEI" frameborder="0" marginwidth="0" marginheight="0" scrolling="no" class="wp-embedded-content"></iframe><script>
/*! This file is auto-generated */
!function(d,l){"use strict";l.querySelector&&d.addEventListener&&"undefined"!=typeof URL&&(d.wp=d.wp||{},d.wp.receiveEmbedMessage||(d.wp.receiveEmbedMessage=function(e){var t=e.data;if((t||t.secret||t.message||t.value)&&!/[^a-zA-Z0-9]/.test(t.secret)){for(var s,r,n,a=l.querySelectorAll('iframe[data-secret="'+t.secret+'"]'),o=l.querySelectorAll('blockquote[data-secret="'+t.secret+'"]'),c=new RegExp("^https?:$","i"),i=0;i<o.length;i++)o[i].style.display="none";for(i=0;i<a.length;i++)s=a[i],e.source===s.contentWindow&&(s.removeAttribute("style"),"height"===t.message?(1e3<(r=parseInt(t.value,10))?r=1e3:~~r<200&&(r=200),s.height=r):"link"===t.message&&(r=new URL(s.getAttribute("src")),n=new URL(t.value),c.test(n.protocol))&&n.host===r.host&&l.activeElement===s&&(d.top.location.href=t.value))}},d.addEventListener("message",d.wp.receiveEmbedMessage,!1),l.addEventListener("DOMContentLoaded",function(){for(var e,t,s=l.querySelectorAll("iframe.wp-embedded-content"),r=0;r<s.length;r++)(t=(e=s[r]).getAttribute("data-secret"))||(t=Math.random().toString(36).substring(2,12),e.src+="#?secret="+t,e.setAttribute("data-secret",t)),e.contentWindow.postMessage({message:"ready",secret:t},"*")},!1)))}(window,document);
//# sourceURL=https://buletin.de/bucuresti/wp-includes/js/wp-embed.min.js
</script>

Învestirea noului primar nu va mai fi vineri, așa cum era anunțat. De vină este o prevedere nouă din Codul Administrativ. Anunțul a fost făcut chiar de Nicușor Dan, primarul ales, pe pagina sa de Facebook. &#8220;Din păcate preluarea mandatului meu va mai întârzia 7-10 zile, ceea ce nu e deloc bine din perspectiva crizei [&hellip;]
