{"version":"1.0","provider_name":"Buletin de Bucure\u0219ti","provider_url":"https:\/\/buletin.de\/bucuresti","author_name":"Diana Matei","author_url":"https:\/\/buletin.de\/bucuresti\/author\/dianamatei\/","title":"ILFOV | Sterilizare gratuit\u0103 a c\u00e2inilor de ras\u0103 comun\u0103","type":"rich","width":600,"height":338,"html":"<blockquote class=\"wp-embedded-content\" data-secret=\"wJQXMIImOW\"><a href=\"https:\/\/buletin.de\/bucuresti\/ilfov-sterilizare-gratuita-a-cainilor-de-rasa-comuna\/\">ILFOV | Sterilizare gratuit\u0103 a c\u00e2inilor de ras\u0103 comun\u0103<\/a><\/blockquote><iframe sandbox=\"allow-scripts\" security=\"restricted\" src=\"https:\/\/buletin.de\/bucuresti\/ilfov-sterilizare-gratuita-a-cainilor-de-rasa-comuna\/embed\/#?secret=wJQXMIImOW\" width=\"600\" height=\"338\" title=\"&#8220;ILFOV | Sterilizare gratuit\u0103 a c\u00e2inilor de ras\u0103 comun\u0103&#8221; &#8212; Buletin de Bucure\u0219ti\" data-secret=\"wJQXMIImOW\" frameborder=\"0\" marginwidth=\"0\" marginheight=\"0\" scrolling=\"no\" class=\"wp-embedded-content\"><\/iframe><script>\n\/*! This file is auto-generated *\/\n!function(d,l){\"use strict\";l.querySelector&&d.addEventListener&&\"undefined\"!=typeof URL&&(d.wp=d.wp||{},d.wp.receiveEmbedMessage||(d.wp.receiveEmbedMessage=function(e){var t=e.data;if((t||t.secret||t.message||t.value)&&!\/[^a-zA-Z0-9]\/.test(t.secret)){for(var s,r,n,a=l.querySelectorAll('iframe[data-secret=\"'+t.secret+'\"]'),o=l.querySelectorAll('blockquote[data-secret=\"'+t.secret+'\"]'),c=new RegExp(\"^https?:$\",\"i\"),i=0;i<o.length;i++)o[i].style.display=\"none\";for(i=0;i<a.length;i++)s=a[i],e.source===s.contentWindow&&(s.removeAttribute(\"style\"),\"height\"===t.message?(1e3<(r=parseInt(t.value,10))?r=1e3:~~r<200&&(r=200),s.height=r):\"link\"===t.message&&(r=new URL(s.getAttribute(\"src\")),n=new URL(t.value),c.test(n.protocol))&&n.host===r.host&&l.activeElement===s&&(d.top.location.href=t.value))}},d.addEventListener(\"message\",d.wp.receiveEmbedMessage,!1),l.addEventListener(\"DOMContentLoaded\",function(){for(var e,t,s=l.querySelectorAll(\"iframe.wp-embedded-content\"),r=0;r<s.length;r++)(t=(e=s[r]).getAttribute(\"data-secret\"))||(t=Math.random().toString(36).substring(2,12),e.src+=\"#?secret=\"+t,e.setAttribute(\"data-secret\",t)),e.contentWindow.postMessage({message:\"ready\",secret:t},\"*\")},!1)))}(window,document);\n\/\/# sourceURL=https:\/\/buletin.de\/bucuresti\/wp-includes\/js\/wp-embed.min.js\n<\/script>\n","thumbnail_url":"https:\/\/buletin.de\/bucuresti\/wp-content\/uploads\/448211112_814283920856747_8887646487181685897_n.jpeg","thumbnail_width":1079,"thumbnail_height":962,"description":"Consiliul Jude\u021bean Ilfov subven\u021bioneaz\u0103 sterilizarea, microciparea \u0219i \u00eenregistrarea \u00een RECS a c\u00e2inilor de ras\u0103 comun\u0103, cu proprietar. P\u00e2n\u0103 acum, doar prim\u0103riile puteau face acest lucru, din bugetele proprii. Autoritatea jude\u021bean\u0103 precizeaz\u0103 c\u0103 legea s-a modificat, la ini\u021biativa Consiliului Jude\u021bean Ilfov. Campania \u201eFacem \u0219i ne facem bine\u201d va debuta cu o perioada de informare, pentru cele [&hellip;]"}

Buletin de București

ILFOV | Sterilizare gratuită a câinilor de rasă comună

<blockquote class="wp-embedded-content" data-secret="wJQXMIImOW"><a href="https://buletin.de/bucuresti/ilfov-sterilizare-gratuita-a-cainilor-de-rasa-comuna/">ILFOV | Sterilizare gratuită a câinilor de rasă comună</a></blockquote><iframe sandbox="allow-scripts" security="restricted" src="https://buletin.de/bucuresti/ilfov-sterilizare-gratuita-a-cainilor-de-rasa-comuna/embed/#?secret=wJQXMIImOW" width="600" height="338" title="&#8220;ILFOV | Sterilizare gratuită a câinilor de rasă comună&#8221; &#8212; Buletin de București" data-secret="wJQXMIImOW" frameborder="0" marginwidth="0" marginheight="0" scrolling="no" class="wp-embedded-content"></iframe><script>
/*! This file is auto-generated */
!function(d,l){"use strict";l.querySelector&&d.addEventListener&&"undefined"!=typeof URL&&(d.wp=d.wp||{},d.wp.receiveEmbedMessage||(d.wp.receiveEmbedMessage=function(e){var t=e.data;if((t||t.secret||t.message||t.value)&&!/[^a-zA-Z0-9]/.test(t.secret)){for(var s,r,n,a=l.querySelectorAll('iframe[data-secret="'+t.secret+'"]'),o=l.querySelectorAll('blockquote[data-secret="'+t.secret+'"]'),c=new RegExp("^https?:$","i"),i=0;i<o.length;i++)o[i].style.display="none";for(i=0;i<a.length;i++)s=a[i],e.source===s.contentWindow&&(s.removeAttribute("style"),"height"===t.message?(1e3<(r=parseInt(t.value,10))?r=1e3:~~r<200&&(r=200),s.height=r):"link"===t.message&&(r=new URL(s.getAttribute("src")),n=new URL(t.value),c.test(n.protocol))&&n.host===r.host&&l.activeElement===s&&(d.top.location.href=t.value))}},d.addEventListener("message",d.wp.receiveEmbedMessage,!1),l.addEventListener("DOMContentLoaded",function(){for(var e,t,s=l.querySelectorAll("iframe.wp-embedded-content"),r=0;r<s.length;r++)(t=(e=s[r]).getAttribute("data-secret"))||(t=Math.random().toString(36).substring(2,12),e.src+="#?secret="+t,e.setAttribute("data-secret",t)),e.contentWindow.postMessage({message:"ready",secret:t},"*")},!1)))}(window,document);
//# sourceURL=https://buletin.de/bucuresti/wp-includes/js/wp-embed.min.js
</script>

Consiliul Județean Ilfov subvenționează sterilizarea, microciparea și înregistrarea în RECS a câinilor de rasă comună, cu proprietar. Până acum, doar primăriile puteau face acest lucru, din bugetele proprii. Autoritatea județeană precizează că legea s-a modificat, la inițiativa Consiliului Județean Ilfov. Campania „Facem și ne facem bine” va debuta cu o perioada de informare, pentru cele [&hellip;]
