{"version":"1.0","provider_name":"Buletin de Bucure\u0219ti","provider_url":"https:\/\/buletin.de\/bucuresti","author_name":"Florin R\u00e2\u0219teiu","author_url":"https:\/\/buletin.de\/bucuresti\/author\/florinrasteiu\/","title":"Capitala intr\u0103 \u00een scenariul ro\u0219u din aceast\u0103 noapte. Certificatul verde va fi obligatoriu","type":"rich","width":600,"height":338,"html":"<blockquote class=\"wp-embedded-content\" data-secret=\"uzUhmUpOB5\"><a href=\"https:\/\/buletin.de\/bucuresti\/capitala-intra-in-scenariul-rosu-din-aceasta-noapte\/\">Capitala intr\u0103 \u00een scenariul ro\u0219u din aceast\u0103 noapte. Certificatul verde va fi obligatoriu<\/a><\/blockquote><iframe sandbox=\"allow-scripts\" security=\"restricted\" src=\"https:\/\/buletin.de\/bucuresti\/capitala-intra-in-scenariul-rosu-din-aceasta-noapte\/embed\/#?secret=uzUhmUpOB5\" width=\"600\" height=\"338\" title=\"&#8220;Capitala intr\u0103 \u00een scenariul ro\u0219u din aceast\u0103 noapte. Certificatul verde va fi obligatoriu&#8221; &#8212; Buletin de Bucure\u0219ti\" data-secret=\"uzUhmUpOB5\" frameborder=\"0\" marginwidth=\"0\" marginheight=\"0\" scrolling=\"no\" class=\"wp-embedded-content\"><\/iframe><script>\n\/*! This file is auto-generated *\/\n!function(d,l){\"use strict\";l.querySelector&&d.addEventListener&&\"undefined\"!=typeof URL&&(d.wp=d.wp||{},d.wp.receiveEmbedMessage||(d.wp.receiveEmbedMessage=function(e){var t=e.data;if((t||t.secret||t.message||t.value)&&!\/[^a-zA-Z0-9]\/.test(t.secret)){for(var s,r,n,a=l.querySelectorAll('iframe[data-secret=\"'+t.secret+'\"]'),o=l.querySelectorAll('blockquote[data-secret=\"'+t.secret+'\"]'),c=new RegExp(\"^https?:$\",\"i\"),i=0;i<o.length;i++)o[i].style.display=\"none\";for(i=0;i<a.length;i++)s=a[i],e.source===s.contentWindow&&(s.removeAttribute(\"style\"),\"height\"===t.message?(1e3<(r=parseInt(t.value,10))?r=1e3:~~r<200&&(r=200),s.height=r):\"link\"===t.message&&(r=new URL(s.getAttribute(\"src\")),n=new URL(t.value),c.test(n.protocol))&&n.host===r.host&&l.activeElement===s&&(d.top.location.href=t.value))}},d.addEventListener(\"message\",d.wp.receiveEmbedMessage,!1),l.addEventListener(\"DOMContentLoaded\",function(){for(var e,t,s=l.querySelectorAll(\"iframe.wp-embedded-content\"),r=0;r<s.length;r++)(t=(e=s[r]).getAttribute(\"data-secret\"))||(t=Math.random().toString(36).substring(2,12),e.src+=\"#?secret=\"+t,e.setAttribute(\"data-secret\",t)),e.contentWindow.postMessage({message:\"ready\",secret:t},\"*\")},!1)))}(window,document);\n\/\/# sourceURL=https:\/\/buletin.de\/bucuresti\/wp-includes\/js\/wp-embed.min.js\n<\/script>\n","thumbnail_url":"https:\/\/buletin.de\/bucuresti\/wp-content\/uploads\/20210703_204510-scaled.jpg","thumbnail_width":2560,"thumbnail_height":1213,"description":"Dup\u0103 ce \u0219edin\u021ba de ieri a CMSUB a fost am\u00e2nat\u0103 cu o zi, comitetul a hot\u0103r\u00e2t abia ast\u0103zi, dup\u0103 o \u0219edin\u021b\u0103 de \u0219ase ore intrarea Capitalei \u00een scenariul ro\u0219u \u0219i impunerea unor restric\u021bii suplimentare. \u0218edin\u021ba a avut loc \u00een termenul legal de 48 de ore de la dep\u0103\u0219irea ratei de 3 la mia de locuitori. [&hellip;]"}

Buletin de București

Florin Râșteiu

Capitala intră în scenariul roșu din această noapte. Certificatul verde va fi obligatoriu

<blockquote class="wp-embedded-content" data-secret="uzUhmUpOB5"><a href="https://buletin.de/bucuresti/capitala-intra-in-scenariul-rosu-din-aceasta-noapte/">Capitala intră în scenariul roșu din această noapte. Certificatul verde va fi obligatoriu</a></blockquote><iframe sandbox="allow-scripts" security="restricted" src="https://buletin.de/bucuresti/capitala-intra-in-scenariul-rosu-din-aceasta-noapte/embed/#?secret=uzUhmUpOB5" width="600" height="338" title="&#8220;Capitala intră în scenariul roșu din această noapte. Certificatul verde va fi obligatoriu&#8221; &#8212; Buletin de București" data-secret="uzUhmUpOB5" frameborder="0" marginwidth="0" marginheight="0" scrolling="no" class="wp-embedded-content"></iframe><script>
/*! This file is auto-generated */
!function(d,l){"use strict";l.querySelector&&d.addEventListener&&"undefined"!=typeof URL&&(d.wp=d.wp||{},d.wp.receiveEmbedMessage||(d.wp.receiveEmbedMessage=function(e){var t=e.data;if((t||t.secret||t.message||t.value)&&!/[^a-zA-Z0-9]/.test(t.secret)){for(var s,r,n,a=l.querySelectorAll('iframe[data-secret="'+t.secret+'"]'),o=l.querySelectorAll('blockquote[data-secret="'+t.secret+'"]'),c=new RegExp("^https?:$","i"),i=0;i<o.length;i++)o[i].style.display="none";for(i=0;i<a.length;i++)s=a[i],e.source===s.contentWindow&&(s.removeAttribute("style"),"height"===t.message?(1e3<(r=parseInt(t.value,10))?r=1e3:~~r<200&&(r=200),s.height=r):"link"===t.message&&(r=new URL(s.getAttribute("src")),n=new URL(t.value),c.test(n.protocol))&&n.host===r.host&&l.activeElement===s&&(d.top.location.href=t.value))}},d.addEventListener("message",d.wp.receiveEmbedMessage,!1),l.addEventListener("DOMContentLoaded",function(){for(var e,t,s=l.querySelectorAll("iframe.wp-embedded-content"),r=0;r<s.length;r++)(t=(e=s[r]).getAttribute("data-secret"))||(t=Math.random().toString(36).substring(2,12),e.src+="#?secret="+t,e.setAttribute("data-secret",t)),e.contentWindow.postMessage({message:"ready",secret:t},"*")},!1)))}(window,document);
//# sourceURL=https://buletin.de/bucuresti/wp-includes/js/wp-embed.min.js
</script>

După ce ședința de ieri a CMSUB a fost amânată cu o zi, comitetul a hotărât abia astăzi, după o ședință de șase ore intrarea Capitalei în scenariul roșu și impunerea unor restricții suplimentare. Ședința a avut loc în termenul legal de 48 de ore de la depășirea ratei de 3 la mia de locuitori. [&hellip;]
